{"id":24499,"date":"2025-11-28T12:00:27","date_gmt":"2025-11-28T11:00:27","guid":{"rendered":"https:\/\/vinothek-schmidli.ch\/?product=vorberg-pinot-bianco-riserva-doc-2021"},"modified":"2025-11-28T12:00:29","modified_gmt":"2025-11-28T11:00:29","slug":"vorberg-pinot-bianco-riserva-doc-2021","status":"publish","type":"product","link":"https:\/\/vinothek-schmidli.ch\/?product=vorberg-pinot-bianco-riserva-doc-2021","title":{"rendered":"Vorberg Pinot Bianco Riserva DOC 2021"},"content":{"rendered":"<table class=\"vino-product-specs\">\n<tbody>\n<tr>\n<th>Produzent<\/th>\n<td>Kellerei Terlan<\/td>\n<\/tr>\n<tr>\n<th>Land<\/th>\n<td>Italien<\/td>\n<\/tr>\n<tr>\n<th>Region<\/th>\n<td>S\u00fcdtirol<\/td>\n<\/tr>\n<tr>\n<th>Trauben<\/th>\n<td>Pinot Bianco<\/td>\n<\/tr>\n<tr>\n<th>Inhalt<\/th>\n<td>75cl<\/td>\n<\/tr>\n<tr>\n<th>Jahrgang<\/th>\n<td>2021<\/td>\n<\/tr>\n<tr>\n<th>Volumen<\/th>\n<td>14.00<\/td>\n<\/tr>\n<tr class=\"vino-product-specs-desc\">\n<td colspan=\"2\">Die Weinberge, in denen die Wei\u00dfburgunder-Trauben f\u00fcr den Terlan Vorberg Pinot Bianco Riserva DOC wachsen, befinden sich an den S\u00fcdh\u00e4ngen des Tsch\u00f6ggelbergs. Die sonnenverw\u00f6hnten H\u00e4nge aus sandig-steinigem Boden sind teilweise sehr steil und erstrecken sich \u00fcber eine H\u00f6he von 450 bis 950 Metern \u00fcber dem Meeresspiegel. Nach der Handlese der Trauben und einer sanften Ganztraubenpressung reift der Wein 12 Monate auf der Feinhefe im traditionellen Holzfass.<\/p>\n<p>\nDas Bukett des Terlan Vorberg Pinot Bianco Riserva DOC ist beeindruckend und \u00e4u\u00dferst facettenreich. Zun\u00e4chst reife Obstaromen von Pfirsich, Honigmelone, Birne und Ananas. Dazu gesellen sich mineralische Graphit- und Jasminnoten. Dieses Wechselspiel von aromatischen Fruchtnoten und salzig-mineralischen Komponenten findet man auch im Geschmack. Ein spannender Wein, der durch seine cremig-weichen Eigenschaften und seine druckvolle Mineralit\u00e4t beeindruckt.<\/p>\n<p>\nDieser Wein begleitet w\u00fcrzige Fisch- und Muschelgerichte vorz\u00fcglich. Gew\u00fcrzter Hummer oder gepfefferte Miesmuscheln seien hier besonders empfohlen.<\/td>\n<\/tr>\n<\/tbody>\n<\/table>\n","protected":false},"excerpt":{"rendered":"<p>Produzent Kellerei Terlan Land Italien Region S\u00fcdtirol Trauben Pinot Bianco Inhalt 75cl Jahrgang 2021 Volumen 14.00 Die Weinberge, in denen die Wei\u00dfburgunder-Trauben f\u00fcr den Terlan Vorberg Pinot Bianco Riserva DOC wachsen, befinden sich an den S\u00fcdh\u00e4ngen des Tsch\u00f6ggelbergs. Die sonnenverw\u00f6hnten H\u00e4nge aus sandig-steinigem Boden sind [&hellip;]<\/p>\n","protected":false},"featured_media":24134,"template":"","meta":[],"product_brand":[1127],"product_cat":[947,999,993],"product_tag":[],"class_list":{"0":"post-24499","1":"product","2":"type-product","3":"status-publish","4":"has-post-thumbnail","6":"product_brand-kellerei-terlan","7":"product_cat-italien","8":"product_cat-suedtirol","9":"product_cat-weisswein","11":"first","12":"instock","13":"purchasable","14":"product-type-simple"},"_links":{"self":[{"href":"https:\/\/vinothek-schmidli.ch\/index.php?rest_route=\/wp\/v2\/product\/24499","targetHints":{"allow":["GET"]}}],"collection":[{"href":"https:\/\/vinothek-schmidli.ch\/index.php?rest_route=\/wp\/v2\/product"}],"about":[{"href":"https:\/\/vinothek-schmidli.ch\/index.php?rest_route=\/wp\/v2\/types\/product"}],"wp:featuredmedia":[{"embeddable":true,"href":"https:\/\/vinothek-schmidli.ch\/index.php?rest_route=\/wp\/v2\/media\/24134"}],"wp:attachment":[{"href":"https:\/\/vinothek-schmidli.ch\/index.php?rest_route=%2Fwp%2Fv2%2Fmedia&parent=24499"}],"wp:term":[{"taxonomy":"product_brand","embeddable":true,"href":"https:\/\/vinothek-schmidli.ch\/index.php?rest_route=%2Fwp%2Fv2%2Fproduct_brand&post=24499"},{"taxonomy":"product_cat","embeddable":true,"href":"https:\/\/vinothek-schmidli.ch\/index.php?rest_route=%2Fwp%2Fv2%2Fproduct_cat&post=24499"},{"taxonomy":"product_tag","embeddable":true,"href":"https:\/\/vinothek-schmidli.ch\/index.php?rest_route=%2Fwp%2Fv2%2Fproduct_tag&post=24499"}],"curies":[{"name":"wp","href":"https:\/\/api.w.org\/{rel}","templated":true}]}}