{"id":24650,"date":"2025-11-28T12:01:02","date_gmt":"2025-11-28T11:01:02","guid":{"rendered":"https:\/\/vinothek-schmidli.ch\/?product=el-gordo-del-circo-verdejo-do-2023"},"modified":"2025-11-28T12:01:02","modified_gmt":"2025-11-28T11:01:02","slug":"el-gordo-del-circo-verdejo-do-2023","status":"publish","type":"product","link":"https:\/\/vinothek-schmidli.ch\/?product=el-gordo-del-circo-verdejo-do-2023","title":{"rendered":"El Gordo del Circo Verdejo DO 2023"},"content":{"rendered":"<table class=\"vino-product-specs\">\n<tbody>\n<tr>\n<th>Produzent<\/th>\n<td>Casa Rojo<\/td>\n<\/tr>\n<tr>\n<th>Land<\/th>\n<td>Spanien<\/td>\n<\/tr>\n<tr>\n<th>Region<\/th>\n<td>Rueda<\/td>\n<\/tr>\n<tr>\n<th>Trauben<\/th>\n<td>Verdejo<\/td>\n<\/tr>\n<tr>\n<th>Inhalt<\/th>\n<td>75cl<\/td>\n<\/tr>\n<tr>\n<th>Jahrgang<\/th>\n<td>2023<\/td>\n<\/tr>\n<tr>\n<th>Volumen<\/th>\n<td>13.00<\/td>\n<\/tr>\n<tr class=\"vino-product-specs-desc\">\n<td colspan=\"2\">Ein strohgelber, eleganter Verdejo mit gr\u00fcnem Schimmer aus dem S\u00fcden Spaniens, der mit Zitrusaromen und leicht kr\u00e4uterigen Ankl\u00e4ngen aufwartet.<\/td>\n<\/tr>\n<\/tbody>\n<\/table>\n","protected":false},"excerpt":{"rendered":"<p>Produzent Casa Rojo Land Spanien Region Rueda Trauben Verdejo Inhalt 75cl Jahrgang 2023 Volumen 13.00 Ein strohgelber, eleganter Verdejo mit gr\u00fcnem Schimmer aus dem S\u00fcden Spaniens, der mit Zitrusaromen und leicht kr\u00e4uterigen Ankl\u00e4ngen aufwartet.<\/p>\n","protected":false},"featured_media":24075,"template":"","meta":[],"product_brand":[1120],"product_cat":[1040,960,993],"product_tag":[],"class_list":{"0":"post-24650","1":"product","2":"type-product","3":"status-publish","4":"has-post-thumbnail","6":"product_brand-casa-rojo","7":"product_cat-rueda","8":"product_cat-spanien","9":"product_cat-weisswein","11":"first","12":"instock","13":"purchasable","14":"product-type-simple"},"_links":{"self":[{"href":"https:\/\/vinothek-schmidli.ch\/index.php?rest_route=\/wp\/v2\/product\/24650","targetHints":{"allow":["GET"]}}],"collection":[{"href":"https:\/\/vinothek-schmidli.ch\/index.php?rest_route=\/wp\/v2\/product"}],"about":[{"href":"https:\/\/vinothek-schmidli.ch\/index.php?rest_route=\/wp\/v2\/types\/product"}],"wp:featuredmedia":[{"embeddable":true,"href":"https:\/\/vinothek-schmidli.ch\/index.php?rest_route=\/wp\/v2\/media\/24075"}],"wp:attachment":[{"href":"https:\/\/vinothek-schmidli.ch\/index.php?rest_route=%2Fwp%2Fv2%2Fmedia&parent=24650"}],"wp:term":[{"taxonomy":"product_brand","embeddable":true,"href":"https:\/\/vinothek-schmidli.ch\/index.php?rest_route=%2Fwp%2Fv2%2Fproduct_brand&post=24650"},{"taxonomy":"product_cat","embeddable":true,"href":"https:\/\/vinothek-schmidli.ch\/index.php?rest_route=%2Fwp%2Fv2%2Fproduct_cat&post=24650"},{"taxonomy":"product_tag","embeddable":true,"href":"https:\/\/vinothek-schmidli.ch\/index.php?rest_route=%2Fwp%2Fv2%2Fproduct_tag&post=24650"}],"curies":[{"name":"wp","href":"https:\/\/api.w.org\/{rel}","templated":true}]}}