{"id":24684,"date":"2025-11-28T12:01:07","date_gmt":"2025-11-28T11:01:07","guid":{"rendered":"https:\/\/vinothek-schmidli.ch\/?product=lagrein-turmhof-doc-2022"},"modified":"2025-11-28T12:01:09","modified_gmt":"2025-11-28T11:01:09","slug":"lagrein-turmhof-doc-2022","status":"publish","type":"product","link":"https:\/\/vinothek-schmidli.ch\/?product=lagrein-turmhof-doc-2022","title":{"rendered":"Lagrein Turmhof DOC 2022"},"content":{"rendered":"<table class=\"vino-product-specs\">\n<tbody>\n<tr>\n<th>Produzent<\/th>\n<td>Tiefenbrunner Schlosskellerei<\/td>\n<\/tr>\n<tr>\n<th>Land<\/th>\n<td>Italien<\/td>\n<\/tr>\n<tr>\n<th>Region<\/th>\n<td>S\u00fcdtirol<\/td>\n<\/tr>\n<tr>\n<th>Trauben<\/th>\n<td>Lagrein<\/td>\n<\/tr>\n<tr>\n<th>Inhalt<\/th>\n<td>75cl<\/td>\n<\/tr>\n<tr>\n<th>Jahrgang<\/th>\n<td>2022<\/td>\n<\/tr>\n<tr>\n<th>Volumen<\/th>\n<td>13.50<\/td>\n<\/tr>\n<tr class=\"vino-product-specs-desc\">\n<td colspan=\"2\">Vinifizierung: Maischeg\u00e4rung im Edelstahltank; anschlie\u00dfend biologischer S\u00e4ureabbau und 8-monatige Reife im gro\u00dfen und kleinen Holzfass (Eiche)<\/p>\n<p>\nWeinbeschreibung: ein kr\u00e4ftiges Granatrot mit violetten Reflexen pr\u00e4gt seine Farbe, sein Bukett ein zartes Aroma mit charakteristischen Veilchenund Kirschnoten, die den vollen und runden Fruchtgeschmack dezent unterstreichen. Feink\u00f6rnige Gerbstoffe und eine angenehme S\u00e4ure unterst\u00fctzen den langen Abgang dieses typischen S\u00fcdtiroler Weines.<\/td>\n<\/tr>\n<\/tbody>\n<\/table>\n","protected":false},"excerpt":{"rendered":"<p>Produzent Tiefenbrunner Schlosskellerei Land Italien Region S\u00fcdtirol Trauben Lagrein Inhalt 75cl Jahrgang 2022 Volumen 13.50 Vinifizierung: Maischeg\u00e4rung im Edelstahltank; anschlie\u00dfend biologischer S\u00e4ureabbau und 8-monatige Reife im gro\u00dfen und kleinen Holzfass (Eiche) Weinbeschreibung: ein kr\u00e4ftiges Granatrot mit violetten Reflexen pr\u00e4gt seine Farbe, sein Bukett ein zartes [&hellip;]<\/p>\n","protected":false},"featured_media":24135,"template":"","meta":[],"product_brand":[1322],"product_cat":[947,963,999],"product_tag":[],"class_list":{"0":"post-24684","1":"product","2":"type-product","3":"status-publish","4":"has-post-thumbnail","6":"product_brand-tiefenbrunner-schlosskellerei","7":"product_cat-italien","8":"product_cat-rotwein","9":"product_cat-suedtirol","11":"first","12":"instock","13":"purchasable","14":"product-type-simple"},"_links":{"self":[{"href":"https:\/\/vinothek-schmidli.ch\/index.php?rest_route=\/wp\/v2\/product\/24684","targetHints":{"allow":["GET"]}}],"collection":[{"href":"https:\/\/vinothek-schmidli.ch\/index.php?rest_route=\/wp\/v2\/product"}],"about":[{"href":"https:\/\/vinothek-schmidli.ch\/index.php?rest_route=\/wp\/v2\/types\/product"}],"wp:featuredmedia":[{"embeddable":true,"href":"https:\/\/vinothek-schmidli.ch\/index.php?rest_route=\/wp\/v2\/media\/24135"}],"wp:attachment":[{"href":"https:\/\/vinothek-schmidli.ch\/index.php?rest_route=%2Fwp%2Fv2%2Fmedia&parent=24684"}],"wp:term":[{"taxonomy":"product_brand","embeddable":true,"href":"https:\/\/vinothek-schmidli.ch\/index.php?rest_route=%2Fwp%2Fv2%2Fproduct_brand&post=24684"},{"taxonomy":"product_cat","embeddable":true,"href":"https:\/\/vinothek-schmidli.ch\/index.php?rest_route=%2Fwp%2Fv2%2Fproduct_cat&post=24684"},{"taxonomy":"product_tag","embeddable":true,"href":"https:\/\/vinothek-schmidli.ch\/index.php?rest_route=%2Fwp%2Fv2%2Fproduct_tag&post=24684"}],"curies":[{"name":"wp","href":"https:\/\/api.w.org\/{rel}","templated":true}]}}