{"id":24919,"date":"2026-04-20T09:24:21","date_gmt":"2026-04-20T08:24:21","guid":{"rendered":"https:\/\/vinothek-schmidli.ch\/?product=alexander-vs-the-ham-factory-do-2018"},"modified":"2026-04-20T09:24:23","modified_gmt":"2026-04-20T08:24:23","slug":"alexander-vs-the-ham-factory-do-2018","status":"publish","type":"product","link":"https:\/\/vinothek-schmidli.ch\/?product=alexander-vs-the-ham-factory-do-2018","title":{"rendered":"Alexander vs. The Ham Factory DO 2018"},"content":{"rendered":"<table class=\"vino-product-specs\">\n<tbody>\n<tr>\n<th>Produzent<\/th>\n<td>Casa Rojo<\/td>\n<\/tr>\n<tr>\n<th>Land<\/th>\n<td>Spanien<\/td>\n<\/tr>\n<tr>\n<th>Region<\/th>\n<td>Ribera del Duero<\/td>\n<\/tr>\n<tr>\n<th>Trauben<\/th>\n<td>Tinto Fino, Cabernet Sauvignon, Malbec, Merlot<\/td>\n<\/tr>\n<tr>\n<th>Inhalt<\/th>\n<td>150 cl<\/td>\n<\/tr>\n<tr>\n<th>Jahrgang<\/th>\n<td>2018<\/td>\n<\/tr>\n<tr>\n<th>Volumen<\/th>\n<td>14.50<\/td>\n<\/tr>\n<tr class=\"vino-product-specs-desc\">\n<td colspan=\"2\">Lebendiges Rot mit intensiven violetten Reflexen. Holzt\u00f6ne, Tabak und S\u00fcssholz machen diesen grossen Wein einzigartig. Der Wein \u00f6ffnet sich mit einer ungew\u00f6hnlichen Reife. Am Gaumen mit viel Kraft. Im Finale ein ausgeglichener und eleganter Geschmack nach frischen Beeren.<\/td>\n<\/tr>\n<\/tbody>\n<\/table>\n","protected":false},"excerpt":{"rendered":"<p>Produzent Casa Rojo Land Spanien Region Ribera del Duero Trauben Tinto Fino, Cabernet Sauvignon, Malbec, Merlot Inhalt 150 cl Jahrgang 2018 Volumen 14.50 Lebendiges Rot mit intensiven violetten Reflexen. Holzt\u00f6ne, Tabak und S\u00fcssholz machen diesen grossen Wein einzigartig. Der Wein \u00f6ffnet sich mit einer ungew\u00f6hnlichen [&hellip;]<\/p>\n","protected":false},"featured_media":24074,"template":"","meta":[],"product_brand":[1120],"product_cat":[1012,963,960],"product_tag":[],"class_list":{"0":"post-24919","1":"product","2":"type-product","3":"status-publish","4":"has-post-thumbnail","6":"product_brand-casa-rojo","7":"product_cat-ribera-del-duero","8":"product_cat-rotwein","9":"product_cat-spanien","11":"first","12":"instock","13":"purchasable","14":"product-type-simple"},"_links":{"self":[{"href":"https:\/\/vinothek-schmidli.ch\/index.php?rest_route=\/wp\/v2\/product\/24919","targetHints":{"allow":["GET"]}}],"collection":[{"href":"https:\/\/vinothek-schmidli.ch\/index.php?rest_route=\/wp\/v2\/product"}],"about":[{"href":"https:\/\/vinothek-schmidli.ch\/index.php?rest_route=\/wp\/v2\/types\/product"}],"wp:featuredmedia":[{"embeddable":true,"href":"https:\/\/vinothek-schmidli.ch\/index.php?rest_route=\/wp\/v2\/media\/24074"}],"wp:attachment":[{"href":"https:\/\/vinothek-schmidli.ch\/index.php?rest_route=%2Fwp%2Fv2%2Fmedia&parent=24919"}],"wp:term":[{"taxonomy":"product_brand","embeddable":true,"href":"https:\/\/vinothek-schmidli.ch\/index.php?rest_route=%2Fwp%2Fv2%2Fproduct_brand&post=24919"},{"taxonomy":"product_cat","embeddable":true,"href":"https:\/\/vinothek-schmidli.ch\/index.php?rest_route=%2Fwp%2Fv2%2Fproduct_cat&post=24919"},{"taxonomy":"product_tag","embeddable":true,"href":"https:\/\/vinothek-schmidli.ch\/index.php?rest_route=%2Fwp%2Fv2%2Fproduct_tag&post=24919"}],"curies":[{"name":"wp","href":"https:\/\/api.w.org\/{rel}","templated":true}]}}