{"id":24932,"date":"2026-04-20T09:24:27","date_gmt":"2026-04-20T08:24:27","guid":{"rendered":"https:\/\/vinothek-schmidli.ch\/?product=prodigal-grenache-2018"},"modified":"2026-04-20T09:24:27","modified_gmt":"2026-04-20T08:24:27","slug":"prodigal-grenache-2018","status":"publish","type":"product","link":"https:\/\/vinothek-schmidli.ch\/?product=prodigal-grenache-2018","title":{"rendered":"Prodigal Grenache  2018"},"content":{"rendered":"<table class=\"vino-product-specs\">\n<tbody>\n<tr>\n<th>Produzent<\/th>\n<td>Kilikanoon Winery<\/td>\n<\/tr>\n<tr>\n<th>Land<\/th>\n<td>Australien<\/td>\n<\/tr>\n<tr>\n<th>Region<\/th>\n<td>Clare Valley<\/td>\n<\/tr>\n<tr>\n<th>Trauben<\/th>\n<td>Grenache<\/td>\n<\/tr>\n<tr>\n<th>Inhalt<\/th>\n<td>75cl<\/td>\n<\/tr>\n<tr>\n<th>Jahrgang<\/th>\n<td>2018<\/td>\n<\/tr>\n<tr>\n<th>Volumen<\/th>\n<td>14.50<\/td>\n<\/tr>\n<tr class=\"vino-product-specs-desc\">\n<td colspan=\"2\">Der Prodigal wurde 1997 erstmals hergestellt und ist definitiv immer noch einer der sentimentalen Favoriten im Kilikanoon-Portfolio. Er setzt weiterhin Massst\u00e4be f\u00fcr die Grenache Weine aus dem Clare Valley. <\/p>\n<p>\nHerstellung<br \/>\nJedes Parzelle wurde einzeln geerntet und w\u00e4hrend des gesamten Weinherstellungsprozesses bis zur endg\u00fcltigen Assemblage getrennt vinifiziert. Der Ausbau erfolgt w\u00e4hrend 15 Monaten in franz\u00f6sischen &#8222;Hogheads&#8220; (225-250lt). Die Abf\u00fcllung erfolgt ungefiltert und ohne Sch\u00f6nung. <\/p>\n<p>\nFarbe<br \/>\nZiegelrote Farbe mit jugendlichen purpurroten Farbt\u00f6nen.<\/p>\n<p>\nNase<br \/>\nIn der Nase sind kr\u00e4ftige Aromen von dunklen Kirschen, subtilen Noten von rauchiger Eiche und Marzipan stark ausgepr\u00e4gt.  <\/p>\n<p>\nGaumen<br \/>\nEin frischer und lebendiger Gaumen, der gleichzeitig dunkel und erhaben ist. Die Kombination aus reifen Kirschen, dunkler Schokolade und Gew\u00fcrzenpasst perfekt zu den weichen Tanninen und Eicheneinfl\u00fcssen und rundet zu einem langen, schmackhaften Abgang ab. <\/p>\n<p>\nKilikanoon Wines wurde 1997 von Kevin Mitchell gegr\u00fcndet und liegt im pittoresken Clare Valley, das f\u00fcr viele Kenner des australischen Weinbaus als eine der besten Weinbauzonen des f\u00fcnften Kontinents geh\u00f6rt. Die konstant hohe Qualit\u00e4t des Weinguts wurde schliesslich auch bei der MUNDUS Vini Fr\u00fchjahrsverkostung 2021 durch die Wahl zum besten Erzeuger ganz Australiens belohnt &#8211; dies zum f\u00fcnften mal in Folge. Dazu  kommen viele weitere internationale Auszeichnungen.<\/td>\n<\/tr>\n<\/tbody>\n<\/table>\n","protected":false},"excerpt":{"rendered":"<p>Produzent Kilikanoon Winery Land Australien Region Clare Valley Trauben Grenache Inhalt 75cl Jahrgang 2018 Volumen 14.50 Der Prodigal wurde 1997 erstmals hergestellt und ist definitiv immer noch einer der sentimentalen Favoriten im Kilikanoon-Portfolio. Er setzt weiterhin Massst\u00e4be f\u00fcr die Grenache Weine aus dem Clare Valley. [&hellip;]<\/p>\n","protected":false},"featured_media":24007,"template":"","meta":[],"product_brand":[1192],"product_cat":[1019,1020,963],"product_tag":[],"class_list":{"0":"post-24932","1":"product","2":"type-product","3":"status-publish","4":"has-post-thumbnail","6":"product_brand-kilikanoon-winery","7":"product_cat-australien","8":"product_cat-clare-valley","9":"product_cat-rotwein","11":"first","12":"instock","13":"purchasable","14":"product-type-simple"},"_links":{"self":[{"href":"https:\/\/vinothek-schmidli.ch\/index.php?rest_route=\/wp\/v2\/product\/24932","targetHints":{"allow":["GET"]}}],"collection":[{"href":"https:\/\/vinothek-schmidli.ch\/index.php?rest_route=\/wp\/v2\/product"}],"about":[{"href":"https:\/\/vinothek-schmidli.ch\/index.php?rest_route=\/wp\/v2\/types\/product"}],"wp:featuredmedia":[{"embeddable":true,"href":"https:\/\/vinothek-schmidli.ch\/index.php?rest_route=\/wp\/v2\/media\/24007"}],"wp:attachment":[{"href":"https:\/\/vinothek-schmidli.ch\/index.php?rest_route=%2Fwp%2Fv2%2Fmedia&parent=24932"}],"wp:term":[{"taxonomy":"product_brand","embeddable":true,"href":"https:\/\/vinothek-schmidli.ch\/index.php?rest_route=%2Fwp%2Fv2%2Fproduct_brand&post=24932"},{"taxonomy":"product_cat","embeddable":true,"href":"https:\/\/vinothek-schmidli.ch\/index.php?rest_route=%2Fwp%2Fv2%2Fproduct_cat&post=24932"},{"taxonomy":"product_tag","embeddable":true,"href":"https:\/\/vinothek-schmidli.ch\/index.php?rest_route=%2Fwp%2Fv2%2Fproduct_tag&post=24932"}],"curies":[{"name":"wp","href":"https:\/\/api.w.org\/{rel}","templated":true}]}}