{"id":24944,"date":"2026-04-20T09:24:27","date_gmt":"2026-04-20T08:24:27","guid":{"rendered":"https:\/\/vinothek-schmidli.ch\/?product=1920-2020-100-anniversario-valpolicella-doc-2019"},"modified":"2026-04-20T09:24:30","modified_gmt":"2026-04-20T08:24:30","slug":"1920-2020-100-anniversario-valpolicella-doc-2019","status":"publish","type":"product","link":"https:\/\/vinothek-schmidli.ch\/?product=1920-2020-100-anniversario-valpolicella-doc-2019","title":{"rendered":"1920 2020 100 Anniversario Valpolicella DOC 2019"},"content":{"rendered":"<table class=\"vino-product-specs\">\n<tbody>\n<tr>\n<th>Produzent<\/th>\n<td>Bennati<\/td>\n<\/tr>\n<tr>\n<th>Land<\/th>\n<td>Italien<\/td>\n<\/tr>\n<tr>\n<th>Region<\/th>\n<td>Veneto<\/td>\n<\/tr>\n<tr>\n<th>Trauben<\/th>\n<td>Corvina, Rondinella, Molinara<\/td>\n<\/tr>\n<tr>\n<th>Inhalt<\/th>\n<td>75cl<\/td>\n<\/tr>\n<tr>\n<th>Jahrgang<\/th>\n<td>2019<\/td>\n<\/tr>\n<tr>\n<th>Volumen<\/th>\n<td>13.50<\/td>\n<\/tr>\n<tr class=\"vino-product-specs-desc\">\n<td colspan=\"2\">Der Valpolicella Superiore DOC \u0084100 Anniversario\u0093 von Bennati ist ein eleganter Jubil\u00e4ums-Rotwein, der die klassische Stilistik der Region widerspiegelt. Er pr\u00e4sentiert sich in dunkler, intensiver Farbe und verf\u00fchrt mit einem zarten Veilchenduft, begleitet von ausgepr\u00e4gten Aromen roter Fr\u00fcchte. Am Gaumen zeigt er sich trocken, weich, einh\u00fcllend und gut strukturiert, mit einem harmonischen Charakter.<\/td>\n<\/tr>\n<\/tbody>\n<\/table>\n","protected":false},"excerpt":{"rendered":"<p>Produzent Bennati Land Italien Region Veneto Trauben Corvina, Rondinella, Molinara Inhalt 75cl Jahrgang 2019 Volumen 13.50 Der Valpolicella Superiore DOC \u0084100 Anniversario\u0093 von Bennati ist ein eleganter Jubil\u00e4ums-Rotwein, der die klassische Stilistik der Region widerspiegelt. Er pr\u00e4sentiert sich in dunkler, intensiver Farbe und verf\u00fchrt mit [&hellip;]<\/p>\n","protected":false},"featured_media":24154,"template":"","meta":[],"product_brand":[699],"product_cat":[947,963,948],"product_tag":[],"class_list":{"0":"post-24944","1":"product","2":"type-product","3":"status-publish","4":"has-post-thumbnail","6":"product_brand-bennati","7":"product_cat-italien","8":"product_cat-rotwein","9":"product_cat-veneto","11":"first","12":"instock","13":"purchasable","14":"product-type-simple"},"_links":{"self":[{"href":"https:\/\/vinothek-schmidli.ch\/index.php?rest_route=\/wp\/v2\/product\/24944","targetHints":{"allow":["GET"]}}],"collection":[{"href":"https:\/\/vinothek-schmidli.ch\/index.php?rest_route=\/wp\/v2\/product"}],"about":[{"href":"https:\/\/vinothek-schmidli.ch\/index.php?rest_route=\/wp\/v2\/types\/product"}],"wp:featuredmedia":[{"embeddable":true,"href":"https:\/\/vinothek-schmidli.ch\/index.php?rest_route=\/wp\/v2\/media\/24154"}],"wp:attachment":[{"href":"https:\/\/vinothek-schmidli.ch\/index.php?rest_route=%2Fwp%2Fv2%2Fmedia&parent=24944"}],"wp:term":[{"taxonomy":"product_brand","embeddable":true,"href":"https:\/\/vinothek-schmidli.ch\/index.php?rest_route=%2Fwp%2Fv2%2Fproduct_brand&post=24944"},{"taxonomy":"product_cat","embeddable":true,"href":"https:\/\/vinothek-schmidli.ch\/index.php?rest_route=%2Fwp%2Fv2%2Fproduct_cat&post=24944"},{"taxonomy":"product_tag","embeddable":true,"href":"https:\/\/vinothek-schmidli.ch\/index.php?rest_route=%2Fwp%2Fv2%2Fproduct_tag&post=24944"}],"curies":[{"name":"wp","href":"https:\/\/api.w.org\/{rel}","templated":true}]}}