{"id":25046,"date":"2026-04-20T09:24:59","date_gmt":"2026-04-20T08:24:59","guid":{"rendered":"https:\/\/vinothek-schmidli.ch\/?product=tridente-tempranillo-do-2020"},"modified":"2026-04-20T09:25:03","modified_gmt":"2026-04-20T08:25:03","slug":"tridente-tempranillo-do-2020","status":"publish","type":"product","link":"https:\/\/vinothek-schmidli.ch\/?product=tridente-tempranillo-do-2020","title":{"rendered":"Tridente Tempranillo DO 2020"},"content":{"rendered":"<table class=\"vino-product-specs\">\n<tbody>\n<tr>\n<th>Produzent<\/th>\n<td>Bodegas Tridente<\/td>\n<\/tr>\n<tr>\n<th>Land<\/th>\n<td>Spanien<\/td>\n<\/tr>\n<tr>\n<th>Region<\/th>\n<td>Castilla y Leon<\/td>\n<\/tr>\n<tr>\n<th>Trauben<\/th>\n<td>Tempranillo<\/td>\n<\/tr>\n<tr>\n<th>Inhalt<\/th>\n<td>75cl<\/td>\n<\/tr>\n<tr>\n<th>Jahrgang<\/th>\n<td>2020<\/td>\n<\/tr>\n<tr>\n<th>Volumen<\/th>\n<td>15.00<\/td>\n<\/tr>\n<tr class=\"vino-product-specs-desc\">\n<td colspan=\"2\">Charakter<br \/>\nDunkles Kirschrot mit granatrotem Rand. In der Nase fein und komplex, intensive Aromen von reifer Frucht, Kakao und Gew\u00fcrzen sowie Nuancen von Wildkr\u00e4utern. Im Mund geschmackvoll, ausgeglichen und fleischig. Starke Pr\u00e4senz der reifen Frucht gemeinsam mit Noten von Ger\u00f6stetem und Kakao. Sehr runde Tannine. Langer und intensiver Abgang. Ein moderner und aromatischer Allround Tempranillo.<\/p>\n<p>\nAusbau<br \/>\nDie Trauben f\u00fcr diesen Wein stammen von sehr alten Weinbergen, zum Teil bis hundertj\u00e4hrig, die in den Gebieten Villanueva de Campe\u00e1n und El Pego (Zamora) liegen. Die Mazeration und G\u00e4rung dauert 20-25 Tage bei einer Temperatur von 25 \u00b0C in Edelstahltanks.<br \/>\nAm Ende der Weinverarbeitung passiert der Tridente Tempranillo eine 15-monatige Reifung in franz\u00f6sischen Eichenf\u00e4ssern.<\/td>\n<\/tr>\n<\/tbody>\n<\/table>\n","protected":false},"excerpt":{"rendered":"<p>Produzent Bodegas Tridente Land Spanien Region Castilla y Leon Trauben Tempranillo Inhalt 75cl Jahrgang 2020 Volumen 15.00 Charakter Dunkles Kirschrot mit granatrotem Rand. In der Nase fein und komplex, intensive Aromen von reifer Frucht, Kakao und Gew\u00fcrzen sowie Nuancen von Wildkr\u00e4utern. Im Mund geschmackvoll, ausgeglichen [&hellip;]<\/p>\n","protected":false},"featured_media":22533,"template":"","meta":[],"product_brand":[1309],"product_cat":[1013,963,960],"product_tag":[],"class_list":{"0":"post-25046","1":"product","2":"type-product","3":"status-publish","4":"has-post-thumbnail","6":"product_brand-bodegas-tridente","7":"product_cat-castilla-y-leon","8":"product_cat-rotwein","9":"product_cat-spanien","11":"first","12":"instock","13":"purchasable","14":"product-type-simple"},"_links":{"self":[{"href":"https:\/\/vinothek-schmidli.ch\/index.php?rest_route=\/wp\/v2\/product\/25046","targetHints":{"allow":["GET"]}}],"collection":[{"href":"https:\/\/vinothek-schmidli.ch\/index.php?rest_route=\/wp\/v2\/product"}],"about":[{"href":"https:\/\/vinothek-schmidli.ch\/index.php?rest_route=\/wp\/v2\/types\/product"}],"wp:featuredmedia":[{"embeddable":true,"href":"https:\/\/vinothek-schmidli.ch\/index.php?rest_route=\/wp\/v2\/media\/22533"}],"wp:attachment":[{"href":"https:\/\/vinothek-schmidli.ch\/index.php?rest_route=%2Fwp%2Fv2%2Fmedia&parent=25046"}],"wp:term":[{"taxonomy":"product_brand","embeddable":true,"href":"https:\/\/vinothek-schmidli.ch\/index.php?rest_route=%2Fwp%2Fv2%2Fproduct_brand&post=25046"},{"taxonomy":"product_cat","embeddable":true,"href":"https:\/\/vinothek-schmidli.ch\/index.php?rest_route=%2Fwp%2Fv2%2Fproduct_cat&post=25046"},{"taxonomy":"product_tag","embeddable":true,"href":"https:\/\/vinothek-schmidli.ch\/index.php?rest_route=%2Fwp%2Fv2%2Fproduct_tag&post=25046"}],"curies":[{"name":"wp","href":"https:\/\/api.w.org\/{rel}","templated":true}]}}