{"id":25086,"date":"2026-04-20T09:25:12","date_gmt":"2026-04-20T08:25:12","guid":{"rendered":"https:\/\/vinothek-schmidli.ch\/?product=aagne-sauvignon-blanc-aoc-2024"},"modified":"2026-04-20T09:25:16","modified_gmt":"2026-04-20T08:25:16","slug":"aagne-sauvignon-blanc-aoc-2024","status":"publish","type":"product","link":"https:\/\/vinothek-schmidli.ch\/?product=aagne-sauvignon-blanc-aoc-2024","title":{"rendered":"aagne Sauvignon Blanc AOC 2024"},"content":{"rendered":"<table class=\"vino-product-specs\">\n<tbody>\n<tr>\n<th>Produzent<\/th>\n<td>aagne weingut<\/td>\n<\/tr>\n<tr>\n<th>Land<\/th>\n<td>Schweiz<\/td>\n<\/tr>\n<tr>\n<th>Region<\/th>\n<td>Schaffhausen<\/td>\n<\/tr>\n<tr>\n<th>Trauben<\/th>\n<td>Sauvignon Blanc<\/td>\n<\/tr>\n<tr>\n<th>Inhalt<\/th>\n<td>75 cl<\/td>\n<\/tr>\n<tr>\n<th>Jahrgang<\/th>\n<td>2024<\/td>\n<\/tr>\n<tr>\n<th>Volumen<\/th>\n<td>13.00<\/td>\n<\/tr>\n<tr class=\"vino-product-specs-desc\">\n<td colspan=\"2\">Dieser Weissweinc pr\u00e4sentiert sich in hellem Gelb mit gr\u00fcnlichen Reflexen und \u00fcberzeugt mit einer intensiven Aromatik. In der Nase dominieren Grapefruit, reife Stachelbeere und Litchi, erg\u00e4nzt durch florale Holundernoten. Am Gaumen ist er rund und gehaltvoll, dabei sorgt die frische S\u00e4ure f\u00fcr Eleganz. Ein sortentypischer, ausdrucksstarker Sauvignon Blanc mit weichem Schmelz, der Fans der Rebsorte ebenso begeistert wie Liebhaber frischer, aromatischer Weissweine.<\/td>\n<\/tr>\n<\/tbody>\n<\/table>\n","protected":false},"excerpt":{"rendered":"<p>Produzent aagne weingut Land Schweiz Region Schaffhausen Trauben Sauvignon Blanc Inhalt 75 cl Jahrgang 2024 Volumen 13.00 Dieser Weissweinc pr\u00e4sentiert sich in hellem Gelb mit gr\u00fcnlichen Reflexen und \u00fcberzeugt mit einer intensiven Aromatik. In der Nase dominieren Grapefruit, reife Stachelbeere und Litchi, erg\u00e4nzt durch florale [&hellip;]<\/p>\n","protected":false},"featured_media":24066,"template":"","meta":[],"product_brand":[1287],"product_cat":[1028,950,993],"product_tag":[],"class_list":{"0":"post-25086","1":"product","2":"type-product","3":"status-publish","4":"has-post-thumbnail","6":"product_brand-aagne-weingut","7":"product_cat-schaffhausen","8":"product_cat-schweiz","9":"product_cat-weisswein","11":"first","12":"instock","13":"purchasable","14":"product-type-simple"},"_links":{"self":[{"href":"https:\/\/vinothek-schmidli.ch\/index.php?rest_route=\/wp\/v2\/product\/25086","targetHints":{"allow":["GET"]}}],"collection":[{"href":"https:\/\/vinothek-schmidli.ch\/index.php?rest_route=\/wp\/v2\/product"}],"about":[{"href":"https:\/\/vinothek-schmidli.ch\/index.php?rest_route=\/wp\/v2\/types\/product"}],"wp:featuredmedia":[{"embeddable":true,"href":"https:\/\/vinothek-schmidli.ch\/index.php?rest_route=\/wp\/v2\/media\/24066"}],"wp:attachment":[{"href":"https:\/\/vinothek-schmidli.ch\/index.php?rest_route=%2Fwp%2Fv2%2Fmedia&parent=25086"}],"wp:term":[{"taxonomy":"product_brand","embeddable":true,"href":"https:\/\/vinothek-schmidli.ch\/index.php?rest_route=%2Fwp%2Fv2%2Fproduct_brand&post=25086"},{"taxonomy":"product_cat","embeddable":true,"href":"https:\/\/vinothek-schmidli.ch\/index.php?rest_route=%2Fwp%2Fv2%2Fproduct_cat&post=25086"},{"taxonomy":"product_tag","embeddable":true,"href":"https:\/\/vinothek-schmidli.ch\/index.php?rest_route=%2Fwp%2Fv2%2Fproduct_tag&post=25086"}],"curies":[{"name":"wp","href":"https:\/\/api.w.org\/{rel}","templated":true}]}}