{"id":25114,"date":"2026-04-20T09:25:25","date_gmt":"2026-04-20T08:25:25","guid":{"rendered":"https:\/\/vinothek-schmidli.ch\/?product=mythos-vr-2022"},"modified":"2026-04-20T09:25:26","modified_gmt":"2026-04-20T08:25:26","slug":"mythos-vr-2022","status":"publish","type":"product","link":"https:\/\/vinothek-schmidli.ch\/?product=mythos-vr-2022","title":{"rendered":"Mythos VR 2022"},"content":{"rendered":"<table class=\"vino-product-specs\">\n<tbody>\n<tr>\n<th>Produzent<\/th>\n<td>Casal da Coelheira<\/td>\n<\/tr>\n<tr>\n<th>Land<\/th>\n<td>Portugal<\/td>\n<\/tr>\n<tr>\n<th>Region<\/th>\n<td>Tejo<\/td>\n<\/tr>\n<tr>\n<th>Trauben<\/th>\n<td>Cabernet Sauvignon, Touriga Franca, Touriga Nacional<\/td>\n<\/tr>\n<tr>\n<th>Inhalt<\/th>\n<td>75cl<\/td>\n<\/tr>\n<tr>\n<th>Jahrgang<\/th>\n<td>2022<\/td>\n<\/tr>\n<tr>\n<th>Volumen<\/th>\n<td>14.00<\/td>\n<\/tr>\n<tr class=\"vino-product-specs-desc\">\n<td colspan=\"2\">Dieser Wein wird nur in ausserordentlich guten Jahrg\u00e4ngen hergestellt und entsteht aus den besten zwei Prozent der Trauben des Weinguts. Ein k\u00f6rperreicher Rotwein mit reifer Frucht und einer Struktur mit viel Tannin. Kr\u00e4ftig und modern, zugleich klar gepr\u00e4gt von einem klassischen portugiesischen Weingut mit langj\u00e4hriger Geschichte.<\/p>\n<p>Seine volle Komplexit\u00e4t entwickelt er in den n\u00e4chsten acht bis zehn Jahren, ist aber schon jetzt sehr gut trinkbar. Passend zu kr\u00e4ftigen Gerichten, Lamm und rotem Wild.<\/td>\n<\/tr>\n<\/tbody>\n<\/table>\n","protected":false},"excerpt":{"rendered":"<p>Produzent Casal da Coelheira Land Portugal Region Tejo Trauben Cabernet Sauvignon, Touriga Franca, Touriga Nacional Inhalt 75cl Jahrgang 2022 Volumen 14.00 Dieser Wein wird nur in ausserordentlich guten Jahrg\u00e4ngen hergestellt und entsteht aus den besten zwei Prozent der Trauben des Weinguts. Ein k\u00f6rperreicher Rotwein mit [&hellip;]<\/p>\n","protected":false},"featured_media":24178,"template":"","meta":[],"product_brand":[1190],"product_cat":[976,963,1018],"product_tag":[],"class_list":{"0":"post-25114","1":"product","2":"type-product","3":"status-publish","4":"has-post-thumbnail","6":"product_brand-casal-da-coelheira","7":"product_cat-portugal","8":"product_cat-rotwein","9":"product_cat-tejo","11":"first","12":"instock","13":"purchasable","14":"product-type-simple"},"_links":{"self":[{"href":"https:\/\/vinothek-schmidli.ch\/index.php?rest_route=\/wp\/v2\/product\/25114","targetHints":{"allow":["GET"]}}],"collection":[{"href":"https:\/\/vinothek-schmidli.ch\/index.php?rest_route=\/wp\/v2\/product"}],"about":[{"href":"https:\/\/vinothek-schmidli.ch\/index.php?rest_route=\/wp\/v2\/types\/product"}],"wp:featuredmedia":[{"embeddable":true,"href":"https:\/\/vinothek-schmidli.ch\/index.php?rest_route=\/wp\/v2\/media\/24178"}],"wp:attachment":[{"href":"https:\/\/vinothek-schmidli.ch\/index.php?rest_route=%2Fwp%2Fv2%2Fmedia&parent=25114"}],"wp:term":[{"taxonomy":"product_brand","embeddable":true,"href":"https:\/\/vinothek-schmidli.ch\/index.php?rest_route=%2Fwp%2Fv2%2Fproduct_brand&post=25114"},{"taxonomy":"product_cat","embeddable":true,"href":"https:\/\/vinothek-schmidli.ch\/index.php?rest_route=%2Fwp%2Fv2%2Fproduct_cat&post=25114"},{"taxonomy":"product_tag","embeddable":true,"href":"https:\/\/vinothek-schmidli.ch\/index.php?rest_route=%2Fwp%2Fv2%2Fproduct_tag&post=25114"}],"curies":[{"name":"wp","href":"https:\/\/api.w.org\/{rel}","templated":true}]}}

<table class="vino-product-specs">
<tbody>
<tr>
<th>Produzent</th>
<td>Casal da Coelheira</td>
</tr>
<tr>
<th>Land</th>
<td>Portugal</td>
</tr>
<tr>
<th>Region</th>
<td>Tejo</td>
</tr>
<tr>
<th>Trauben</th>
<td>Cabernet Sauvignon, Touriga Franca, Touriga Nacional</td>
</tr>
<tr>
<th>Inhalt</th>
<td>75cl</td>
</tr>
<tr>
<th>Jahrgang</th>
<td>2022</td>
</tr>
<tr>
<th>Volumen</th>
<td>14.00</td>
</tr>
<tr class="vino-product-specs-desc">
<td colspan="2">Dieser Wein wird nur in ausserordentlich guten Jahrgängen hergestellt und entsteht aus den besten zwei Prozent der Trauben des Weinguts. Ein körperreicher Rotwein mit reifer Frucht und einer Struktur mit viel Tannin. Kräftig und modern, zugleich klar geprägt von einem klassischen portugiesischen Weingut mit langjähriger Geschichte.</p>
<p>Seine volle Komplexität entwickelt er in den nächsten acht bis zehn Jahren, ist aber schon jetzt sehr gut trinkbar. Passend zu kräftigen Gerichten, Lamm und rotem Wild.</td>
</tr>
</tbody>
</table>

<p>Produzent Casal da Coelheira Land Portugal Region Tejo Trauben Cabernet Sauvignon, Touriga Franca, Touriga Nacional Inhalt 75cl Jahrgang 2022 Volumen 14.00 Dieser Wein wird nur in ausserordentlich guten Jahrgängen hergestellt und entsteht aus den besten zwei Prozent der Trauben des Weinguts. Ein körperreicher Rotwein mit [&hellip;]</p>
