{"id":25117,"date":"2026-04-20T09:25:25","date_gmt":"2026-04-20T08:25:25","guid":{"rendered":"https:\/\/vinothek-schmidli.ch\/?product=yotuel%c2%92-do-2022"},"modified":"2026-04-20T09:25:27","modified_gmt":"2026-04-20T08:25:27","slug":"yotuel%c2%92-do-2022","status":"publish","type":"product","link":"https:\/\/vinothek-schmidli.ch\/?product=yotuel%c2%92-do-2022","title":{"rendered":"Yotuel\u0092 DO 2022"},"content":{"rendered":"<table class=\"vino-product-specs\">\n<tbody>\n<tr>\n<th>Produzent<\/th>\n<td>Bodegas Gallego Zapatero<\/td>\n<\/tr>\n<tr>\n<th>Land<\/th>\n<td>Spanien<\/td>\n<\/tr>\n<tr>\n<th>Region<\/th>\n<td>Ribera del Duero<\/td>\n<\/tr>\n<tr>\n<th>Trauben<\/th>\n<td>100% Tinta del Pa\u00eds<\/td>\n<\/tr>\n<tr>\n<th>Inhalt<\/th>\n<td>75cl<\/td>\n<\/tr>\n<tr>\n<th>Jahrgang<\/th>\n<td>2022<\/td>\n<\/tr>\n<tr>\n<th>Volumen<\/th>\n<td>14.50<\/td>\n<\/tr>\n<tr class=\"vino-product-specs-desc\">\n<td colspan=\"2\">Reif und ausladend, erinnert die Nase an s\u00fcsse Gew\u00fcrze, Beerenkompott, warmes Holz und Kirschkonfit\u00fcre. Voller, fleischiger K\u00f6rper, der sich mit einem sehr sch\u00f6nen, ausdrucksstarken und nachhaltigen Abgang kulminiert. Der eisenhaltige Tonkalkboden verleiht dem Wein viel Kraft und Struktur.<\/td>\n<\/tr>\n<\/tbody>\n<\/table>\n","protected":false},"excerpt":{"rendered":"<p>Produzent Bodegas Gallego Zapatero Land Spanien Region Ribera del Duero Trauben 100% Tinta del Pa\u00eds Inhalt 75cl Jahrgang 2022 Volumen 14.50 Reif und ausladend, erinnert die Nase an s\u00fcsse Gew\u00fcrze, Beerenkompott, warmes Holz und Kirschkonfit\u00fcre. Voller, fleischiger K\u00f6rper, der sich mit einem sehr sch\u00f6nen, ausdrucksstarken [&hellip;]<\/p>\n","protected":false},"featured_media":24101,"template":"","meta":[],"product_brand":[1356],"product_cat":[1012,963,960],"product_tag":[],"class_list":{"0":"post-25117","1":"product","2":"type-product","3":"status-publish","4":"has-post-thumbnail","6":"product_brand-bodegas-gallego-zapatero","7":"product_cat-ribera-del-duero","8":"product_cat-rotwein","9":"product_cat-spanien","11":"first","12":"instock","13":"purchasable","14":"product-type-simple"},"_links":{"self":[{"href":"https:\/\/vinothek-schmidli.ch\/index.php?rest_route=\/wp\/v2\/product\/25117","targetHints":{"allow":["GET"]}}],"collection":[{"href":"https:\/\/vinothek-schmidli.ch\/index.php?rest_route=\/wp\/v2\/product"}],"about":[{"href":"https:\/\/vinothek-schmidli.ch\/index.php?rest_route=\/wp\/v2\/types\/product"}],"wp:featuredmedia":[{"embeddable":true,"href":"https:\/\/vinothek-schmidli.ch\/index.php?rest_route=\/wp\/v2\/media\/24101"}],"wp:attachment":[{"href":"https:\/\/vinothek-schmidli.ch\/index.php?rest_route=%2Fwp%2Fv2%2Fmedia&parent=25117"}],"wp:term":[{"taxonomy":"product_brand","embeddable":true,"href":"https:\/\/vinothek-schmidli.ch\/index.php?rest_route=%2Fwp%2Fv2%2Fproduct_brand&post=25117"},{"taxonomy":"product_cat","embeddable":true,"href":"https:\/\/vinothek-schmidli.ch\/index.php?rest_route=%2Fwp%2Fv2%2Fproduct_cat&post=25117"},{"taxonomy":"product_tag","embeddable":true,"href":"https:\/\/vinothek-schmidli.ch\/index.php?rest_route=%2Fwp%2Fv2%2Fproduct_tag&post=25117"}],"curies":[{"name":"wp","href":"https:\/\/api.w.org\/{rel}","templated":true}]}}