{"id":25130,"date":"2026-04-20T09:25:32","date_gmt":"2026-04-20T08:25:32","guid":{"rendered":"https:\/\/vinothek-schmidli.ch\/?product=quinta-da-extrema-reserva-red-doc-2021"},"modified":"2026-04-20T09:25:32","modified_gmt":"2026-04-20T08:25:32","slug":"quinta-da-extrema-reserva-red-doc-2021","status":"publish","type":"product","link":"https:\/\/vinothek-schmidli.ch\/?product=quinta-da-extrema-reserva-red-doc-2021","title":{"rendered":"Quinta da Extrema Reserva Red DOC 2021"},"content":{"rendered":"<table class=\"vino-product-specs\">\n<tbody>\n<tr>\n<th>Produzent<\/th>\n<td>Quinta da Extrema<\/td>\n<\/tr>\n<tr>\n<th>Land<\/th>\n<td>Portugal<\/td>\n<\/tr>\n<tr>\n<th>Region<\/th>\n<td>Douro<\/td>\n<\/tr>\n<tr>\n<th>Trauben<\/th>\n<td>Touriga Franca, Touriga Nacional und<br \/>\nTinta Francisca<\/td>\n<\/tr>\n<tr>\n<th>Inhalt<\/th>\n<td>150cl<\/td>\n<\/tr>\n<tr>\n<th>Jahrgang<\/th>\n<td>2021<\/td>\n<\/tr>\n<tr>\n<th>Volumen<\/th>\n<td>15.00<\/td>\n<\/tr>\n<tr class=\"vino-product-specs-desc\">\n<td colspan=\"2\">Tasting Note : Dr\u00fcckt das Terroir mit \u00e4usserster Einfachheit und Raffinesse aus. Die 12 Monate, die in F\u00e4ssern verbracht werden, erh\u00f6hen die Komplexit\u00e4t und das Alterungspotenzial.<\/p>\n<p>Reifung: Minimale Flaschenreifung von 6 Monaten.F\u00e4sser aus franz\u00f6sischer Eiche von 225L.<\/td>\n<\/tr>\n<\/tbody>\n<\/table>\n","protected":false},"excerpt":{"rendered":"<p>Produzent Quinta da Extrema Land Portugal Region Douro Trauben Touriga Franca, Touriga Nacional und Tinta Francisca Inhalt 150cl Jahrgang 2021 Volumen 15.00 Tasting Note : Dr\u00fcckt das Terroir mit \u00e4usserster Einfachheit und Raffinesse aus. Die 12 Monate, die in F\u00e4ssern verbracht werden, erh\u00f6hen die Komplexit\u00e4t [&hellip;]<\/p>\n","protected":false},"featured_media":24464,"template":"","meta":[],"product_brand":[1370],"product_cat":[1003,976,963],"product_tag":[],"class_list":{"0":"post-25130","1":"product","2":"type-product","3":"status-publish","4":"has-post-thumbnail","6":"product_brand-quinta-da-extrema","7":"product_cat-douro","8":"product_cat-portugal","9":"product_cat-rotwein","11":"first","12":"instock","13":"purchasable","14":"product-type-simple"},"_links":{"self":[{"href":"https:\/\/vinothek-schmidli.ch\/index.php?rest_route=\/wp\/v2\/product\/25130","targetHints":{"allow":["GET"]}}],"collection":[{"href":"https:\/\/vinothek-schmidli.ch\/index.php?rest_route=\/wp\/v2\/product"}],"about":[{"href":"https:\/\/vinothek-schmidli.ch\/index.php?rest_route=\/wp\/v2\/types\/product"}],"wp:featuredmedia":[{"embeddable":true,"href":"https:\/\/vinothek-schmidli.ch\/index.php?rest_route=\/wp\/v2\/media\/24464"}],"wp:attachment":[{"href":"https:\/\/vinothek-schmidli.ch\/index.php?rest_route=%2Fwp%2Fv2%2Fmedia&parent=25130"}],"wp:term":[{"taxonomy":"product_brand","embeddable":true,"href":"https:\/\/vinothek-schmidli.ch\/index.php?rest_route=%2Fwp%2Fv2%2Fproduct_brand&post=25130"},{"taxonomy":"product_cat","embeddable":true,"href":"https:\/\/vinothek-schmidli.ch\/index.php?rest_route=%2Fwp%2Fv2%2Fproduct_cat&post=25130"},{"taxonomy":"product_tag","embeddable":true,"href":"https:\/\/vinothek-schmidli.ch\/index.php?rest_route=%2Fwp%2Fv2%2Fproduct_tag&post=25130"}],"curies":[{"name":"wp","href":"https:\/\/api.w.org\/{rel}","templated":true}]}}

<table class="vino-product-specs">
<tbody>
<tr>
<th>Produzent</th>
<td>Quinta da Extrema</td>
</tr>
<tr>
<th>Land</th>
<td>Portugal</td>
</tr>
<tr>
<th>Region</th>
<td>Douro</td>
</tr>
<tr>
<th>Trauben</th>
<td>Touriga Franca, Touriga Nacional und<br />
Tinta Francisca</td>
</tr>
<tr>
<th>Inhalt</th>
<td>150cl</td>
</tr>
<tr>
<th>Jahrgang</th>
<td>2021</td>
</tr>
<tr>
<th>Volumen</th>
<td>15.00</td>
</tr>
<tr class="vino-product-specs-desc">
<td colspan="2">Tasting Note : Drückt das Terroir mit äusserster Einfachheit und Raffinesse aus. Die 12 Monate, die in Fässern verbracht werden, erhöhen die Komplexität und das Alterungspotenzial.</p>
<p>Reifung: Minimale Flaschenreifung von 6 Monaten.Fässer aus französischer Eiche von 225L.</td>
</tr>
</tbody>
</table>

<p>Produzent Quinta da Extrema Land Portugal Region Douro Trauben Touriga Franca, Touriga Nacional und Tinta Francisca Inhalt 150cl Jahrgang 2021 Volumen 15.00 Tasting Note : Drückt das Terroir mit äusserster Einfachheit und Raffinesse aus. Die 12 Monate, die in Fässern verbracht werden, erhöhen die Komplexität [&hellip;]</p>
