{"id":25136,"date":"2026-04-20T09:25:32","date_gmt":"2026-04-20T08:25:32","guid":{"rendered":"https:\/\/vinothek-schmidli.ch\/?product=blue-label-18-month-do-2023"},"modified":"2026-04-20T09:25:33","modified_gmt":"2026-04-20T08:25:33","slug":"blue-label-18-month-do-2023","status":"publish","type":"product","link":"https:\/\/vinothek-schmidli.ch\/?product=blue-label-18-month-do-2023","title":{"rendered":"Blue Label 18 Month DO 2023"},"content":{"rendered":"<table class=\"vino-product-specs\">\n<tbody>\n<tr>\n<th>Produzent<\/th>\n<td>Juan Gil<\/td>\n<\/tr>\n<tr>\n<th>Land<\/th>\n<td>Spanien<\/td>\n<\/tr>\n<tr>\n<th>Region<\/th>\n<td>Jumilla<\/td>\n<\/tr>\n<tr>\n<th>Trauben<\/th>\n<td>Monastrell, Cabernet, Syrah<\/td>\n<\/tr>\n<tr>\n<th>Inhalt<\/th>\n<td>75 cl<\/td>\n<\/tr>\n<tr>\n<th>Jahrgang<\/th>\n<td>2023<\/td>\n<\/tr>\n<tr>\n<th>Volumen<\/th>\n<td>15.50<\/td>\n<\/tr>\n<tr class=\"vino-product-specs-desc\">\n<td colspan=\"2\">Von Hand geerntet, in kleinen Stahltanks auf der Maische vergoren und 18 Monate in neuen franz\u00f6sischen und amerikanischen Barriques ausgebaut.<\/p>\n<p>Undurchdringlich dunkles Rot. Intensiv und $therisch duftend, nach Kaffee, Leder, Kokos, Kr\u00e4utern, Minze, Bl\u00fctenduft. Enorme F\u00fclle, viel s\u00fcsses Fruchtextrakt, dichte Tanninstruktur und portweinartige Frucht. Noten von Schwarztee im langen Abgang. Kein scheuer Wein, sondern ein intensives Kraftpaket!<\/td>\n<\/tr>\n<\/tbody>\n<\/table>\n","protected":false},"excerpt":{"rendered":"<p>Produzent Juan Gil Land Spanien Region Jumilla Trauben Monastrell, Cabernet, Syrah Inhalt 75 cl Jahrgang 2023 Volumen 15.50 Von Hand geerntet, in kleinen Stahltanks auf der Maische vergoren und 18 Monate in neuen franz\u00f6sischen und amerikanischen Barriques ausgebaut. Undurchdringlich dunkles Rot. Intensiv und $therisch duftend, [&hellip;]<\/p>\n","protected":false},"featured_media":24086,"template":"","meta":[],"product_brand":[1187],"product_cat":[1000,963,960],"product_tag":[],"class_list":{"0":"post-25136","1":"product","2":"type-product","3":"status-publish","4":"has-post-thumbnail","6":"product_brand-juan-gil","7":"product_cat-jumilla","8":"product_cat-rotwein","9":"product_cat-spanien","11":"first","12":"instock","13":"purchasable","14":"product-type-simple"},"_links":{"self":[{"href":"https:\/\/vinothek-schmidli.ch\/index.php?rest_route=\/wp\/v2\/product\/25136","targetHints":{"allow":["GET"]}}],"collection":[{"href":"https:\/\/vinothek-schmidli.ch\/index.php?rest_route=\/wp\/v2\/product"}],"about":[{"href":"https:\/\/vinothek-schmidli.ch\/index.php?rest_route=\/wp\/v2\/types\/product"}],"wp:featuredmedia":[{"embeddable":true,"href":"https:\/\/vinothek-schmidli.ch\/index.php?rest_route=\/wp\/v2\/media\/24086"}],"wp:attachment":[{"href":"https:\/\/vinothek-schmidli.ch\/index.php?rest_route=%2Fwp%2Fv2%2Fmedia&parent=25136"}],"wp:term":[{"taxonomy":"product_brand","embeddable":true,"href":"https:\/\/vinothek-schmidli.ch\/index.php?rest_route=%2Fwp%2Fv2%2Fproduct_brand&post=25136"},{"taxonomy":"product_cat","embeddable":true,"href":"https:\/\/vinothek-schmidli.ch\/index.php?rest_route=%2Fwp%2Fv2%2Fproduct_cat&post=25136"},{"taxonomy":"product_tag","embeddable":true,"href":"https:\/\/vinothek-schmidli.ch\/index.php?rest_route=%2Fwp%2Fv2%2Fproduct_tag&post=25136"}],"curies":[{"name":"wp","href":"https:\/\/api.w.org\/{rel}","templated":true}]}}

<table class="vino-product-specs">
<tbody>
<tr>
<th>Produzent</th>
<td>Juan Gil</td>
</tr>
<tr>
<th>Land</th>
<td>Spanien</td>
</tr>
<tr>
<th>Region</th>
<td>Jumilla</td>
</tr>
<tr>
<th>Trauben</th>
<td>Monastrell, Cabernet, Syrah</td>
</tr>
<tr>
<th>Inhalt</th>
<td>75 cl</td>
</tr>
<tr>
<th>Jahrgang</th>
<td>2023</td>
</tr>
<tr>
<th>Volumen</th>
<td>15.50</td>
</tr>
<tr class="vino-product-specs-desc">
<td colspan="2">Von Hand geerntet, in kleinen Stahltanks auf der Maische vergoren und 18 Monate in neuen französischen und amerikanischen Barriques ausgebaut.</p>
<p>Undurchdringlich dunkles Rot. Intensiv und $therisch duftend, nach Kaffee, Leder, Kokos, Kräutern, Minze, Blütenduft. Enorme Fülle, viel süsses Fruchtextrakt, dichte Tanninstruktur und portweinartige Frucht. Noten von Schwarztee im langen Abgang. Kein scheuer Wein, sondern ein intensives Kraftpaket!</td>
</tr>
</tbody>
</table>

<p>Produzent Juan Gil Land Spanien Region Jumilla Trauben Monastrell, Cabernet, Syrah Inhalt 75 cl Jahrgang 2023 Volumen 15.50 Von Hand geerntet, in kleinen Stahltanks auf der Maische vergoren und 18 Monate in neuen französischen und amerikanischen Barriques ausgebaut. Undurchdringlich dunkles Rot. Intensiv und $therisch duftend, [&hellip;]</p>
