{"id":25170,"date":"2026-04-20T09:25:38","date_gmt":"2026-04-20T08:25:38","guid":{"rendered":"https:\/\/vinothek-schmidli.ch\/?product=redoma-tinto-2022"},"modified":"2026-04-20T09:25:40","modified_gmt":"2026-04-20T08:25:40","slug":"redoma-tinto-2022","status":"publish","type":"product","link":"https:\/\/vinothek-schmidli.ch\/?product=redoma-tinto-2022","title":{"rendered":"Redoma Tinto  2022"},"content":{"rendered":"<table class=\"vino-product-specs\">\n<tbody>\n<tr>\n<th>Produzent<\/th>\n<td>Niepoort<\/td>\n<\/tr>\n<tr>\n<th>Land<\/th>\n<td>Portugal<\/td>\n<\/tr>\n<tr>\n<th>Region<\/th>\n<td>Douro<\/td>\n<\/tr>\n<tr>\n<th>Trauben<\/th>\n<td>Tinta Amarela, Tinto C\u00e3o, Tinta Roriz, Touriga Franca, Touriga Nacional<\/td>\n<\/tr>\n<tr>\n<th>Inhalt<\/th>\n<td>75cl<\/td>\n<\/tr>\n<tr>\n<th>Jahrgang<\/th>\n<td>2022<\/td>\n<\/tr>\n<tr>\n<th>Volumen<\/th>\n<td>12.00<\/td>\n<\/tr>\n<tr class=\"vino-product-specs-desc\">\n<td colspan=\"2\">Charakter<\/p>\n<p>Redoma zeigt sich im Glas Granatrot mit sattem Kern. Wie gew\u00f6hnlich pr\u00e4sentiert er einen straffen Charakter: In der Aromatik kommen die f\u00fcr die Rebsorte Tinta Amarela typischen Kr\u00e4uternoten zum Vorschein. Dazu gesellen sich Aromen von frischen roten Beeren sowie expressive Ankl\u00e4nge von rosa Pfeffer. Am Gaumen ist er leichtf\u00fcssig mit sp\u00fcrbarer L\u00e4nge, die mit den verwendeten Stielen f\u00fcr einen kompakten und sch\u00f6n strukturierten Wein sorgt. Mit seinem langen, w\u00fcrzigen Abgang beweist er Balance und Pr\u00e4zision, die er dem Ausbau im grossen Holzfass verdankt.<br \/>\nTerroir<\/p>\n<p>Die alten Weing\u00e4rten am linken Ufer des Douro sind von Schiefer gepr\u00e4gt.<br \/>\nVinifikation \/ Ausbau<\/p>\n<p>Besondere Selektion. Das Traubengut wird mit 100% Stielen in einen Edelstahl-Lagar mit automatischen Stampfeinrichtungen gebracht, wo sie f\u00fcr kurze Zeit eingemaischt werden. Danach reift der Wein w\u00e4hrend etwa 22 Monaten in grossen Holzf\u00e4ssern.<br \/>\nGeschichte<\/p>\n<p>Der Redoma war der erste trockene Rotwein von Dirk Niepoort und wurde 1991 vorgestellt. Redoma gilt als Flagship-Wein von Niepoort Vinhos.<\/td>\n<\/tr>\n<\/tbody>\n<\/table>\n","protected":false},"excerpt":{"rendered":"<p>Produzent Niepoort Land Portugal Region Douro Trauben Tinta Amarela, Tinto C\u00e3o, Tinta Roriz, Touriga Franca, Touriga Nacional Inhalt 75cl Jahrgang 2022 Volumen 12.00 Charakter Redoma zeigt sich im Glas Granatrot mit sattem Kern. Wie gew\u00f6hnlich pr\u00e4sentiert er einen straffen Charakter: In der Aromatik kommen die [&hellip;]<\/p>\n","protected":false},"featured_media":25166,"template":"","meta":[],"product_brand":[1093],"product_cat":[1003,976,963],"product_tag":[],"class_list":{"0":"post-25170","1":"product","2":"type-product","3":"status-publish","4":"has-post-thumbnail","6":"product_brand-niepoort","7":"product_cat-douro","8":"product_cat-portugal","9":"product_cat-rotwein","11":"first","12":"instock","13":"purchasable","14":"product-type-simple"},"_links":{"self":[{"href":"https:\/\/vinothek-schmidli.ch\/index.php?rest_route=\/wp\/v2\/product\/25170","targetHints":{"allow":["GET"]}}],"collection":[{"href":"https:\/\/vinothek-schmidli.ch\/index.php?rest_route=\/wp\/v2\/product"}],"about":[{"href":"https:\/\/vinothek-schmidli.ch\/index.php?rest_route=\/wp\/v2\/types\/product"}],"wp:featuredmedia":[{"embeddable":true,"href":"https:\/\/vinothek-schmidli.ch\/index.php?rest_route=\/wp\/v2\/media\/25166"}],"wp:attachment":[{"href":"https:\/\/vinothek-schmidli.ch\/index.php?rest_route=%2Fwp%2Fv2%2Fmedia&parent=25170"}],"wp:term":[{"taxonomy":"product_brand","embeddable":true,"href":"https:\/\/vinothek-schmidli.ch\/index.php?rest_route=%2Fwp%2Fv2%2Fproduct_brand&post=25170"},{"taxonomy":"product_cat","embeddable":true,"href":"https:\/\/vinothek-schmidli.ch\/index.php?rest_route=%2Fwp%2Fv2%2Fproduct_cat&post=25170"},{"taxonomy":"product_tag","embeddable":true,"href":"https:\/\/vinothek-schmidli.ch\/index.php?rest_route=%2Fwp%2Fv2%2Fproduct_tag&post=25170"}],"curies":[{"name":"wp","href":"https:\/\/api.w.org\/{rel}","templated":true}]}}

<table class="vino-product-specs">
<tbody>
<tr>
<th>Produzent</th>
<td>Niepoort</td>
</tr>
<tr>
<th>Land</th>
<td>Portugal</td>
</tr>
<tr>
<th>Region</th>
<td>Douro</td>
</tr>
<tr>
<th>Trauben</th>
<td>Tinta Amarela, Tinto Cão, Tinta Roriz, Touriga Franca, Touriga Nacional</td>
</tr>
<tr>
<th>Inhalt</th>
<td>75cl</td>
</tr>
<tr>
<th>Jahrgang</th>
<td>2022</td>
</tr>
<tr>
<th>Volumen</th>
<td>12.00</td>
</tr>
<tr class="vino-product-specs-desc">
<td colspan="2">Charakter</p>
<p>Redoma zeigt sich im Glas Granatrot mit sattem Kern. Wie gewöhnlich präsentiert er einen straffen Charakter: In der Aromatik kommen die für die Rebsorte Tinta Amarela typischen Kräuternoten zum Vorschein. Dazu gesellen sich Aromen von frischen roten Beeren sowie expressive Anklänge von rosa Pfeffer. Am Gaumen ist er leichtfüssig mit spürbarer Länge, die mit den verwendeten Stielen für einen kompakten und schön strukturierten Wein sorgt. Mit seinem langen, würzigen Abgang beweist er Balance und Präzision, die er dem Ausbau im grossen Holzfass verdankt.<br />
Terroir</p>
<p>Die alten Weingärten am linken Ufer des Douro sind von Schiefer geprägt.<br />
Vinifikation / Ausbau</p>
<p>Besondere Selektion. Das Traubengut wird mit 100% Stielen in einen Edelstahl-Lagar mit automatischen Stampfeinrichtungen gebracht, wo sie für kurze Zeit eingemaischt werden. Danach reift der Wein während etwa 22 Monaten in grossen Holzfässern.<br />
Geschichte</p>
<p>Der Redoma war der erste trockene Rotwein von Dirk Niepoort und wurde 1991 vorgestellt. Redoma gilt als Flagship-Wein von Niepoort Vinhos.</td>
</tr>
</tbody>
</table>

<p>Produzent Niepoort Land Portugal Region Douro Trauben Tinta Amarela, Tinto Cão, Tinta Roriz, Touriga Franca, Touriga Nacional Inhalt 75cl Jahrgang 2022 Volumen 12.00 Charakter Redoma zeigt sich im Glas Granatrot mit sattem Kern. Wie gewöhnlich präsentiert er einen straffen Charakter: In der Aromatik kommen die [&hellip;]</p>
